alculate the remainder when 38 is divided by (0 - -2) + (7 - (-1 - 1)).
5
Let a be 2*-4*(-3)/8. Suppose l = 5*o + 38, 58 = a*l - o - 0*o. Calculate the remainder when l is divided by 4.
2
Suppose 38 = 4*v - 630. Suppose -v + 27 = -5*y. Suppose 18 = z - 2*u - 5, 0 = -4*z - 5*u + 40. What is the remainder when y is divided by z?
13
Suppose 5*f - 22 = -v - 6, -5*v = 3*f - 80. What is the remainder when v/(-24) - (-104)/3 is divided by 12?
10
What is the remainder when 38 is divided by (16 - (-5 + 3)) + 2?
18
Let q(u) = u**3 + 18*u**2 + 5. What is the remainder when q(-18) is divided by 3?
2
Calculate the remainder when 11 is divided by ((-28)/(-6))/((-6)/(-9)).
4
Let a be 6*((-2)/4 + 1). Suppose u + 5*n - 21 = 0, -2*u - n = a*n - 60. Calculate the remainder when u is divided by 13.
10
What is the remainder when 5 + -3 - -3 - -13 is divided by 7?
4
Let c(l) = -l + 13. What is the remainder when 19 is divided by c(6)?
5
Suppose -2*o = -2 - 30. Suppose 4*z - 14 = 2. Suppose -4*w - z*t = -88, -4*t - o = -4. Calculate the remainder when w is divided by 9.
7
Suppose 2*x - 193 = -75. What is the remainder when x is divided by (-21)/2*(0 - 2)?
17
Suppose 0 = -3*v + 2*v. Suppose -5*r + 56 + 24 = v. Suppose 4*h + 5*c = 36, c - 3*c = 0. Calculate the remainder when r is divided by h.
7
Suppose -3*h + 12 = 3*i, 6 + 6 = 2*i + 4*h. Suppose i*z = z + 8. Calculate the remainder when 21 is divided by z.
5
Let a(g) = -g**3 + 2*g**2 + 3*g + 2. Let p be a(3). Let j(b) = 4*b**3 - 3*b**2 + 2*b - 2. What is the remainder when j(p) is divided by 8?
6
Let f(m) = 3*m**2 - 3*m - 6. Calculate the remainder when 92 is divided by f(-2).
8
Suppose 1 = -j + 5. Suppose -3*d = 8*v - 3*v - 159, 0 = 4*v - j*d - 140. What is the remainder when v is divided by 7?
5
Let n = -7 + 17. What is the remainder when 11 is divided by (-2)/n - 144/(-20)?
4
Let t(h) = h**3 + 10*h**2 - 15*h + 15. Calculate the remainder when t(-11) is divided by 20.
19
What is the remainder when 43 is divided by (1*5)/(8/24)?
13
Let n = 62 + -47. Calculate the remainder when 38 is divided by n.
8
Suppose 2*d = 5*d - 6. Suppose -w + 6 = 5. What is the remainder when d is divided by w?
0
Suppose -4*x - 4 = -5*x. Suppose x*h - 22 = -2. Calculate the remainder when h is divided by 2.
1
Calculate the remainder when 18 is divided by ((-16)/6 + 0)/((-23)/69).
2
Let f = 19 - -1. Suppose u = c + 5*u - 14, -2*c + 8 = 4*u. Calculate the remainder when f is divided by 2/(-6) + (-44)/c.
6
Let c be (3 + -1)*(65 + -3). Suppose 4*z = 0, 4*z - c = -4*f - 0*z. Calculate the remainder when f is divided by (-2 - -1)/((-1)/11).
9
Suppose 0*y + 3*y - 3 = 0. Let k = y - -2. Let f(h) = -h + 4. What is the remainder when 1 is divided by f(k)?
0
Calculate the remainder when 4 + (-25)/(-3) + (-1)/3 is divided by 4.
0
Let u be (2 - -1)*(-5 + 6). Let g(t) = 5*t - 6. Calculate the remainder when 17 is divided by g(u).
8
Suppose -b - 15 = -1. What is the remainder when 14 is divided by 198/42 - 4/b?
4
Calculate the remainder when (-12)/8*(1 + -9) is divided by 5.
2
Let r be 2/2 - -1 - -482. Suppose -4*g + 0*g = -r. Calculate the remainder when g is divided by 31.
28
Calculate the remainder when 7 is divided by (-1 + -2)/((-15)/10).
1
Suppose -2*q - 4*q = 282. Let p = q + 69. What is the remainder when 43 is divided by p?
21
Suppose 144 - 36 = 6*r. What is the remainder when r is divided by 4?
2
Let c(h) = -h**3 + 9*h**2 - 7*h - 7. What is the remainder when c(7) is divided by 11?
9
Let a be (-1)/(-2) - (-5)/(-2). Let q be a*3/(-3)*-2. Let l = -1 - q. Calculate the remainder when 4 is divided by l.
1
Suppose 12*g - 536 = -128. What is the remainder when g is divided by 15?
4
Let k be (-4)/14 - (-72)/56. Suppose 0 = -2*c + o - 3, -c - 4*c + o = 6. What is the remainder when k - c*6*6 is divided by 13?
11
Let h(n) = -7*n - 5. Suppose 3*z = 4*z - 13. What is the remainder when h(-4) is divided by z?
10
Let k be (-1)/(-3) - (-40)/6. Let j be 2/k - (-104)/28. Let p(h) = -h**3 + 5*h**2 + 5*h + 2. Calculate the remainder when p(j) is divided by 13.
12
Suppose -4 = 4*p, 6*k = k - 5*p + 30. Let g(v) = v + 4. What is the remainder when 32 is divided by g(k)?
10
Let m(g) = 3*g + 3. What is the remainder when m(6) is divided by 9?
3
Let c = -22 + 38. Calculate the remainder when c is divided by (-1)/(-4) - 46/(-8).
4
Suppose -5*a - 4 = 3*q + 3, 4*q - 4*a - 12 = 0. What is the remainder when 1 is divided by q?
0
Let o be (1 - 3)*1*-39. Suppose o = 2*h - 2*a - 2*a, 0 = -4*h - 4*a + 192. Let w = h - 8. What is the remainder when w is divided by 13?
11
Suppose -64 = 2*p - 0*p. Let w be (-4)/14 - p/14. Suppose 4*i = 5*i - 5*t - 29, w*i - 30 = 3*t. What is the remainder when 26 is divided by i?
8
Let q be (-6 - -2)/((-8)/284). Suppose -5*l + q = -78. Suppose -v - 46 = -3*v. Calculate the remainder when l is divided by v.
21
Let s(y) = -14*y + 14. Let o be s(-10). Let z = -91 + o. What is the remainder when z is divided by 33?
30
Suppose -4*h = -b + 36, -4*b + h + 63 = -6. What is the remainder when 47 is divided by b?
15
Let l = -4 - -14. Suppose -4*x + 55 = -61. What is the remainder when x is divided by l?
9
Let x(q) = -q**3 + q**2 - q + 1. Calculate the remainder when 72 is divided by x(-2).
12
Suppose -8*x + 40 = -0. What is the remainder when 6 is divided by x?
1
Calculate the remainder when (-4)/6*(-405)/10 is divided by 7.
6
Calculate the remainder when 34 is divided by (-164)/(-14) - (-12)/42.
10
Suppose 3*g + 176 = g. Let x = -60 - g. What is the remainder when 82 is divided by x?
26
Let r(v) = v + 2. Suppose 0*f + 152 = 2*f. Suppose -4*k = 4*w - f, 15 = 2*w - k - 35. Calculate the remainder when w is divided by r(6).
7
Let q = 158 - 110. What is the remainder when q is divided by 18?
12
Suppose 6*g - 4*g + 2 = -4*b, g - 4*b - 23 = 0. What is the remainder when g is divided by 3?
1
Suppose 0 = v + 2*u - 17, 5*u - 2 = v + v. Suppose 4 = -p - v. Calculate the remainder when p/(-2)*-1*-2 is divided by 7.
6
Suppose p - 12 = -3*p. Suppose -2*a = -p*a - 4*v + 34, 22 = 3*a - 4*v. Calculate the remainder when a is divided by (-1)/3 + 96/18.
4
Suppose -o = 4*o + 25. Let a(g) = -g**2 - 7*g + 4. What is the remainder when 40 is divided by a(o)?
12
Calculate the remainder when 1 - -4 - (-4 - 56) is divided by 22.
21
What is the remainder when 0 + 1/2*62 is divided by (-128)/(-12) - 1/(-3)?
9
Suppose 0 = 2*u + 2*u - 28. Suppose 15*t + 9*t - 480 = 0. Calculate the remainder when t is divided by u.
6
Let o = -1 - -3. Suppose o*h - 51 = -h. Let p = 28 - 22. Calculate the remainder when h is divided by p.
5
Let o(b) = b**2 - b + 88. What is the remainder when o(0) is divided by 18?
16
What is the remainder when 4/10*7/((-35)/(-50)) is divided by 1?
0
Let z = -1 - -1. Suppose x + z*x = 3*c + 254, -c - 4*x - 102 = 0. Let k = c - -121. Calculate the remainder when k is divided by 12.
11
Let l = 23 - 11. Calculate the remainder when 23 is divided by l.
11
Suppose -10 = 8*d - 50. Suppose 2*p + p - 24 = 0. What is the remainder when p is divided by d?
3
Let g(v) = -v**3. Let j = -8 + 7. Let h = -3 - j. What is the remainder when 15 is divided by g(h)?
7
Let i(s) = -s**3 - 5*s**2 - 4*s + 3. Let a be i(-4). Suppose 7 = -a*c + 37. What is the remainder when 16 is divided by c?
6
Let f(w) = -w**2 - 4*w + 1. Suppose 2*b - 5*k = -21, -4*b + k - 18 = -k. What is the remainder when f(b) is divided by 2?
0
What is the remainder when (-33)/99 - (-586)/3 is divided by 18?
15
Let r = 4 + -4. Suppose -a + 4*t + 25 = r, 0 = t + 2*t + 9. Suppose -14 = b - 3*b. What is the remainder when a is divided by b?
6
Let h = 60 + -48. What is the remainder when 32 is divided by h?
8
Let p(d) = d + 8. Suppose -8 = g - 2. What is the remainder when 4 is divided by p(g)?
0
Suppose -5*t - 2*k + 160 = 0, -3*k - 25 = -2*t + 20. Calculate the remainder when t is divided by 62/4 - 2/(-4).
14
Let b(f) = 2*f**2 + 9*f + 26. What is the remainder when b(-9) is divided by 27?
26
Suppose 0*z + 20 = 4*z. Suppose -z*g + 100 = -10. What is the remainder when 64 is divided by g?
20
Calculate the remainder when (-572)/(-20) + (-3)/5 is divided by 16.
12
Calculate the remainder when 39 is divided by (3/(-2))/((-21)/140).
9
Suppose 0 = -k + 6 - 2. Calculate the remainder when k is divided by (-6 + 13)*2/7.
0
Suppos